{"id":120,"date":"2018-07-16T10:09:08","date_gmt":"2018-07-16T10:09:08","guid":{"rendered":"http:\/\/demo.acmethemes.com\/lawyer-zone\/?page_id=32"},"modified":"2023-01-31T18:06:23","modified_gmt":"2023-01-31T18:06:23","slug":"socios-fundadores","status":"publish","type":"page","link":"https:\/\/bmradvogadosassociados.com.br\/wfe\/socios-fundadores\/","title":{"rendered":"S\u00f3cios Fundadores"},"content":{"rendered":"\n<div class=\"wp-block-media-text alignwide has-media-on-the-right is-stacked-on-mobile has-background\" style=\"background-color:#edeae100;grid-template-columns:auto 20%\"><div class=\"wp-block-media-text__content\">\n<h5 class=\"has-medium-font-size wp-block-heading\">LU\u00cdS CL\u00d3VIS MACHADO DA ROCHA, brasileiro, divorciado, advogado, inscrito na OAB-RS sob o n. 24.832. &nbsp;<\/h5>\n\n\n\n<ul>\n<li>Graduado na Faculdade de Direito de Santo \u00c2ngelo em 1987. <\/li>\n\n\n\n<li>P\u00f3s-Graduado em Institui\u00e7\u00f5es Jur\u00eddico-Politicas pela Uniju\u00ed. <\/li>\n\n\n\n<li>Mestre em Direito. <\/li>\n\n\n\n<li>Ex-Assessor Jur\u00eddico do Minist\u00e9rio P\u00fablico. <\/li>\n\n\n\n<li>Ex-Professor do Curso de Direito da Uniju\u00ed. &nbsp;<\/li>\n\n\n\n<li>Atual Diretor Jur\u00eddico da Associa\u00e7\u00e3o Comercial Industrial de Santo \u00c2ngelo. <\/li>\n\n\n\n<li>Assessor Jur\u00eddico do Sindilojas Miss\u00f5es. <\/li>\n\n\n\n<li>S\u00f3cio-Fundador do IBDAGRO \u2013 Instituto Brasileiro do Direito do Agroneg\u00f3cios. <\/li>\n\n\n\n<li>S\u00f3cio-Fundador, Colaborador e Conselheiro da BMR Advogados.<\/li>\n<\/ul>\n<\/div><figure class=\"wp-block-media-text__media\"><img decoding=\"async\" loading=\"lazy\" width=\"576\" height=\"1024\" src=\"http:\/\/bmradvogadosassociados.com.br\/wfe\/wp-content\/uploads\/2022\/12\/machado-576x1024.png\" alt=\"\" class=\"wp-image-304 size-full\" srcset=\"https:\/\/bmradvogadosassociados.com.br\/wfe\/wp-content\/uploads\/2022\/12\/machado-576x1024.png 576w, https:\/\/bmradvogadosassociados.com.br\/wfe\/wp-content\/uploads\/2022\/12\/machado-169x300.png 169w, https:\/\/bmradvogadosassociados.com.br\/wfe\/wp-content\/uploads\/2022\/12\/machado-768x1365.png 768w, https:\/\/bmradvogadosassociados.com.br\/wfe\/wp-content\/uploads\/2022\/12\/machado-864x1536.png 864w, https:\/\/bmradvogadosassociados.com.br\/wfe\/wp-content\/uploads\/2022\/12\/machado.png 1080w\" sizes=\"(max-width: 576px) 100vw, 576px\" \/><\/figure><\/div>\n\n\n\n<div class=\"wp-block-media-text alignwide is-stacked-on-mobile has-background\" style=\"background-color:#edeae100;grid-template-columns:20% auto\"><figure class=\"wp-block-media-text__media\"><img decoding=\"async\" loading=\"lazy\" width=\"621\" height=\"1024\" src=\"http:\/\/bmradvogadosassociados.com.br\/wfe\/wp-content\/uploads\/2022\/12\/eduardo-e1671129763512-621x1024.png\" alt=\"\" class=\"wp-image-306 size-full\" srcset=\"https:\/\/bmradvogadosassociados.com.br\/wfe\/wp-content\/uploads\/2022\/12\/eduardo-e1671129763512-621x1024.png 621w, https:\/\/bmradvogadosassociados.com.br\/wfe\/wp-content\/uploads\/2022\/12\/eduardo-e1671129763512-182x300.png 182w, https:\/\/bmradvogadosassociados.com.br\/wfe\/wp-content\/uploads\/2022\/12\/eduardo-e1671129763512-768x1266.png 768w, https:\/\/bmradvogadosassociados.com.br\/wfe\/wp-content\/uploads\/2022\/12\/eduardo-e1671129763512-932x1536.png 932w, https:\/\/bmradvogadosassociados.com.br\/wfe\/wp-content\/uploads\/2022\/12\/eduardo-e1671129763512.png 1080w\" sizes=\"(max-width: 621px) 100vw, 621px\" \/><\/figure><div class=\"wp-block-media-text__content\">\n<h5 class=\"has-medium-font-size wp-block-heading\">EDUARDO BECHORNER, brasileiro, casado, advogado, inscrito na OAB-RS sob o n. 37.305.<\/h5>\n\n\n\n<ul>\n<li>P\u00f3s-Graduado em Direito P\u00fablico. <\/li>\n\n\n\n<li>Ex-Assessor de Munic\u00edpios e C\u00e2maras de Vereadores.<\/li>\n\n\n\n<li>Ex-Coordenador da 3 Regi\u00e3o Tradicionalista do MTG. <\/li>\n\n\n\n<li>Assessor Jur\u00eddico da FEMERGS \u2013 Federa\u00e7\u00e3o dos Servidores P\u00fablicos dos Munic\u00edpios do Rio Grande do Sul, atuando na defesa do interesse de centenas de sindicatos ga\u00fachos. <\/li>\n\n\n\n<li>Assessor Jur\u00eddico de v\u00e1rios Sindicatos Municipais.<\/li>\n\n\n\n<li>S\u00f3cio da BMR Advogados.<\/li>\n<\/ul>\n<\/div><\/div>\n\n\n\n<p><\/p>\n","protected":false},"excerpt":{"rendered":"<p>Advogados com anos de experi\u00eancia e comprometimento com a justi\u00e7a. Acesse e conhe\u00e7as os s\u00f3cios fundadores da BMR Advogados Associados.<\/p>\n","protected":false},"author":1,"featured_media":0,"parent":0,"menu_order":0,"comment_status":"closed","ping_status":"closed","template":"","meta":[],"_links":{"self":[{"href":"https:\/\/bmradvogadosassociados.com.br\/wfe\/wp-json\/wp\/v2\/pages\/120"}],"collection":[{"href":"https:\/\/bmradvogadosassociados.com.br\/wfe\/wp-json\/wp\/v2\/pages"}],"about":[{"href":"https:\/\/bmradvogadosassociados.com.br\/wfe\/wp-json\/wp\/v2\/types\/page"}],"author":[{"embeddable":true,"href":"https:\/\/bmradvogadosassociados.com.br\/wfe\/wp-json\/wp\/v2\/users\/1"}],"replies":[{"embeddable":true,"href":"https:\/\/bmradvogadosassociados.com.br\/wfe\/wp-json\/wp\/v2\/comments?post=120"}],"version-history":[{"count":22,"href":"https:\/\/bmradvogadosassociados.com.br\/wfe\/wp-json\/wp\/v2\/pages\/120\/revisions"}],"predecessor-version":[{"id":521,"href":"https:\/\/bmradvogadosassociados.com.br\/wfe\/wp-json\/wp\/v2\/pages\/120\/revisions\/521"}],"wp:attachment":[{"href":"https:\/\/bmradvogadosassociados.com.br\/wfe\/wp-json\/wp\/v2\/media?parent=120"}],"curies":[{"name":"wp","href":"https:\/\/api.w.org\/{rel}","templated":true}]}}