{"id":60,"date":"2018-07-16T11:04:50","date_gmt":"2018-07-16T11:04:50","guid":{"rendered":"http:\/\/demo.acmethemes.com\/lawyer-zone\/?page_id=143"},"modified":"2023-01-31T15:03:29","modified_gmt":"2023-01-31T15:03:29","slug":"quem-somos","status":"publish","type":"page","link":"https:\/\/bmradvogadosassociados.com.br\/wfe\/quem-somos\/","title":{"rendered":"Quem Somos"},"content":{"rendered":"\n<div class=\"wp-block-media-text alignwide is-stacked-on-mobile\" style=\"grid-template-columns:39% auto\"><figure class=\"wp-block-media-text__media\"><a href=\"http:\/\/bmradvogadosassociados.com.br\/wfe\/wp-content\/uploads\/2023\/01\/fachada-bmradvsantoangelo.jpeg\"><img decoding=\"async\" loading=\"lazy\" width=\"1024\" height=\"768\" src=\"http:\/\/bmradvogadosassociados.com.br\/wfe\/wp-content\/uploads\/2023\/01\/fachada-bmradvsantoangelo-1024x768.jpeg\" alt=\"\" class=\"wp-image-480 size-full\" srcset=\"https:\/\/bmradvogadosassociados.com.br\/wfe\/wp-content\/uploads\/2023\/01\/fachada-bmradvsantoangelo-1024x768.jpeg 1024w, https:\/\/bmradvogadosassociados.com.br\/wfe\/wp-content\/uploads\/2023\/01\/fachada-bmradvsantoangelo-300x225.jpeg 300w, https:\/\/bmradvogadosassociados.com.br\/wfe\/wp-content\/uploads\/2023\/01\/fachada-bmradvsantoangelo-768x576.jpeg 768w, https:\/\/bmradvogadosassociados.com.br\/wfe\/wp-content\/uploads\/2023\/01\/fachada-bmradvsantoangelo.jpeg 1040w\" sizes=\"(max-width: 1024px) 100vw, 1024px\" \/><\/a><\/figure><div class=\"wp-block-media-text__content\">\n<p class=\"has-medium-font-size\">A BMR ADVGOGADOS ASSOCIADOS LTDA nasceu em l990, tendo como s\u00f3cios os advogados <a href=\"http:\/\/bmradvogadosassociados.com.br\/wfe\/socios-fundadores\/\" data-type=\"URL\" data-id=\"http:\/\/bmradvogadosassociados.com.br\/wfe\/socios-fundadores\/\">LU\u00cdS CL\u00d3VIS MACHADO DA ROCHA e EDUARDO BECHORNER<\/a>.\u00a0 \u00a0Por muitos anos estava estabelecida na Rua Antunes Ribas, \u00a01122 at\u00e9 que no ano de 2014 mudou-se para sede pr\u00f3pria, localizada na Rua Flor\u00eancio de Abreu, 1818, em Santo \u00c2ngelo, RS.<\/p>\n\n\n\n<p class=\"has-medium-font-size\">A BMR ADVOGADOS possui escrit\u00f3rios associados em IJU\u00cd, CRUZ ALTA, PORTO ALEGRE E CHAPEC\u00d3 \u2013 SC. <\/p>\n\n\n\n<p class=\"has-medium-font-size\">A equipe \u00e9 composta por 15 advogados, 02 Contadores, 01 Administrador de Empresas e auxiliares.<\/p>\n\n\n\n<p class=\"has-medium-font-size\">Atuamos nas \u00e1reas do <a href=\"http:\/\/bmradvogadosassociados.com.br\/wfe\/direito-publico\/\" data-type=\"URL\" data-id=\"http:\/\/bmradvogadosassociados.com.br\/wfe\/direito-publico\/\">DIREITO P\u00daBLICO DO SERVIDOR<\/a> \u2013 <a href=\"http:\/\/bmradvogadosassociados.com.br\/wfe\/direito-empresarial\/\" data-type=\"URL\" data-id=\"http:\/\/bmradvogadosassociados.com.br\/wfe\/direito-empresarial\/\">DIREITO EMPRESARIAL<\/a> \u2013 <a href=\"http:\/\/bmradvogadosassociados.com.br\/wfe\/direito-tributario\/\" data-type=\"URL\" data-id=\"http:\/\/bmradvogadosassociados.com.br\/wfe\/direito-tributario\/\">DIREITO TRIBUT\u00c1RIO<\/a> &#8211;<a href=\"http:\/\/bmradvogadosassociados.com.br\/wfe\/agronegocio-e-ambiental\/\" data-type=\"URL\" data-id=\"http:\/\/bmradvogadosassociados.com.br\/wfe\/agronegocio-e-ambiental\/\"> DIREITO DO AGRONEG\u00d3CIO<\/a> \u2013 <a href=\"http:\/\/bmradvogadosassociados.com.br\/wfe\/trabalhista-previdenciario\/\" data-type=\"URL\" data-id=\"http:\/\/bmradvogadosassociados.com.br\/wfe\/trabalhista-previdenciario\/\">DIREITO TRABALHISTA E PREVIDENCI\u00c1RIO<\/a> \u2013 <a href=\"http:\/\/bmradvogadosassociados.com.br\/wfe\/direito-civil\/\" data-type=\"URL\" data-id=\"http:\/\/bmradvogadosassociados.com.br\/wfe\/direito-civil\/\">DIREITO CIVIL<\/a>. \u00a0Para cada \u00e1rea um especialista para melhor atender.<\/p>\n<\/div><\/div>\n\n\n\n<blockquote class=\"wp-block-quote\">\n<p class=\"has-medium-font-size\"><em>Nosso objetivo \u00e9 bem informar, proporcionando seguran\u00e7a a quem nos procura. Nosso lema \u00e9 servir com responsabilidade e conhecimento. Mais do que nunca, os tempos atuais exigem consultar um especialista antes de qualquer neg\u00f3cio, para fazer valer o seu direito e evitar preju\u00edzo financeiro\/patrimonial.<\/em><\/p>\n<\/blockquote>\n\n\n\n<p><\/p>\n","protected":false},"excerpt":{"rendered":"<p>Nosso objetivo \u00e9 bem informar, e proporcionar seguran\u00e7a a quem nos procura. Nosso lema \u00e9 servir com responsabilidade e conhecimento.<\/p>\n","protected":false},"author":1,"featured_media":0,"parent":0,"menu_order":0,"comment_status":"closed","ping_status":"closed","template":"","meta":[],"_links":{"self":[{"href":"https:\/\/bmradvogadosassociados.com.br\/wfe\/wp-json\/wp\/v2\/pages\/60"}],"collection":[{"href":"https:\/\/bmradvogadosassociados.com.br\/wfe\/wp-json\/wp\/v2\/pages"}],"about":[{"href":"https:\/\/bmradvogadosassociados.com.br\/wfe\/wp-json\/wp\/v2\/types\/page"}],"author":[{"embeddable":true,"href":"https:\/\/bmradvogadosassociados.com.br\/wfe\/wp-json\/wp\/v2\/users\/1"}],"replies":[{"embeddable":true,"href":"https:\/\/bmradvogadosassociados.com.br\/wfe\/wp-json\/wp\/v2\/comments?post=60"}],"version-history":[{"count":13,"href":"https:\/\/bmradvogadosassociados.com.br\/wfe\/wp-json\/wp\/v2\/pages\/60\/revisions"}],"predecessor-version":[{"id":510,"href":"https:\/\/bmradvogadosassociados.com.br\/wfe\/wp-json\/wp\/v2\/pages\/60\/revisions\/510"}],"wp:attachment":[{"href":"https:\/\/bmradvogadosassociados.com.br\/wfe\/wp-json\/wp\/v2\/media?parent=60"}],"curies":[{"name":"wp","href":"https:\/\/api.w.org\/{rel}","templated":true}]}}